{"id":20,"date":"2020-09-22T18:52:47","date_gmt":"2020-09-22T16:52:47","guid":{"rendered":"http:\/\/setller.pl\/?page_id=20"},"modified":"2020-09-22T21:02:43","modified_gmt":"2020-09-22T19:02:43","slug":"oferta","status":"publish","type":"page","link":"http:\/\/setller.pl\/index.php\/oferta\/","title":{"rendered":"Oferta"},"content":{"rendered":"\n<ul class=\"wp-block-list\"><li>siew nawoz\u00f3w,<\/li><li>siew zb\u00f3\u017c,<\/li><li>siew kukurydzy,<\/li><li>koszenie zb\u00f3\u017c,<\/li><li>koszenie kukurydzy na ziarno,<\/li><li>pakowanie ziarna w r\u0119kawie foliowym,<\/li><li>opryski upraw polowych,<\/li><li>wapnowanie p\u00f3l,<\/li><li>upraw\u0119 gleby,<\/li><li>oczyszczanie p\u00f3l lub innego terenu z kamieni polnych (kruszarka) <\/li><li>(&#8230;)<\/li><\/ul>\n\n\n\n<p>Nasza oferta jest nieustannie poszerzana o nowe us\u0142ugi.  W razie pyta\u0144 lub ch\u0119ci wsp\u00f3\u0142pracy zapraszamy do kontaktu.<\/p>\n","protected":false},"excerpt":{"rendered":"<p>siew nawoz\u00f3w, siew zb\u00f3\u017c, siew kukurydzy, koszenie zb\u00f3\u017c, koszenie kukurydzy na ziarno, pakowanie ziarna w r\u0119kawie foliowym, opryski upraw polowych, wapnowanie p\u00f3l, upraw\u0119 gleby, oczyszczanie p\u00f3l lub innego terenu z kamieni polnych (kruszarka) (&#8230;) Nasza oferta jest nieustannie poszerzana o nowe us\u0142ugi. W razie pyta\u0144 lub ch\u0119ci wsp\u00f3\u0142pracy zapraszamy do kontaktu.<\/p>\n","protected":false},"author":1,"featured_media":0,"parent":0,"menu_order":0,"comment_status":"closed","ping_status":"closed","template":"","meta":{"footnotes":""},"class_list":["post-20","page","type-page","status-publish","hentry"],"_links":{"self":[{"href":"http:\/\/setller.pl\/index.php\/wp-json\/wp\/v2\/pages\/20","targetHints":{"allow":["GET"]}}],"collection":[{"href":"http:\/\/setller.pl\/index.php\/wp-json\/wp\/v2\/pages"}],"about":[{"href":"http:\/\/setller.pl\/index.php\/wp-json\/wp\/v2\/types\/page"}],"author":[{"embeddable":true,"href":"http:\/\/setller.pl\/index.php\/wp-json\/wp\/v2\/users\/1"}],"replies":[{"embeddable":true,"href":"http:\/\/setller.pl\/index.php\/wp-json\/wp\/v2\/comments?post=20"}],"version-history":[{"count":3,"href":"http:\/\/setller.pl\/index.php\/wp-json\/wp\/v2\/pages\/20\/revisions"}],"predecessor-version":[{"id":84,"href":"http:\/\/setller.pl\/index.php\/wp-json\/wp\/v2\/pages\/20\/revisions\/84"}],"wp:attachment":[{"href":"http:\/\/setller.pl\/index.php\/wp-json\/wp\/v2\/media?parent=20"}],"curies":[{"name":"wp","href":"https:\/\/api.w.org\/{rel}","templated":true}]}}