{"id":22,"date":"2020-09-22T18:52:47","date_gmt":"2020-09-22T16:52:47","guid":{"rendered":"http:\/\/setller.pl\/?page_id=22"},"modified":"2024-02-22T13:27:47","modified_gmt":"2024-02-22T12:27:47","slug":"polityka-prywatnosci-2","status":"publish","type":"page","link":"http:\/\/setller.pl\/index.php\/polityka-prywatnosci-2\/","title":{"rendered":"Polityka prywatno\u015bci"},"content":{"rendered":"\n<div class=\"wp-block-group\"><div class=\"wp-block-group__inner-container is-layout-flow wp-block-group-is-layout-flow\">\n<p class=\"has-small-font-size\">Zgodnie z \nart.13 ust.2 Rozporz\u0105dzenia Parlamentu Europejskiego i Rady z dnia 27 \nkwietnia 2016 r. o ochronie os\u00f3b fizycznych w zwi\u0105zku z przetwarzaniem \ndanych osobowych i w sprawie swobodnego przep\u0142ywu takich danych oraz \nuchylenia dyrektywy 95\/46\/WE (dalej RODO) informujemy, i\u017c:<\/p>\n\n\n\n<p class=\"has-small-font-size\">1. Administratorem Pani\/Pana danych osobowych jest <strong>\u201eSETLLER\u201d<\/strong> Sp\u00f3\u0142ka z ograniczon\u0105 odpowiedzialno\u015bci\u0105 Sp\u00f3\u0142ka Komandytowo Akcyjna z siedzib\u0105 : ul. Katowicka 69A\/17, 61-131 Pozna\u0144, reprezentowana przez <strong>Sebastiana Falkowskiego<\/strong> &#8211; Prezesa Zarz\u0105du.<\/p>\n\n\n\n<p class=\"has-small-font-size\">2. W sprawach dotycz\u0105cych przetwarzania Pani\/Pana danych osobowych  przez Administratora mo\u017cna si\u0119 kontaktowa\u0107 kieruj\u0105c korespondencj\u0119  tradycyjn\u0105 na adres siedziby lub za po\u015brednictwem adresu e-mail: <img decoding=\"async\" width=\"100\" height=\"28\" class=\"wp-image-91\" style=\"width: 100px;\" src=\"http:\/\/setller.pl\/wp-content\/uploads\/2020\/09\/e-mail_2.png\" alt=\"\" srcset=\"http:\/\/setller.pl\/wp-content\/uploads\/2020\/09\/e-mail_2.png 875w, http:\/\/setller.pl\/wp-content\/uploads\/2020\/09\/e-mail_2-300x83.png 300w, http:\/\/setller.pl\/wp-content\/uploads\/2020\/09\/e-mail_2-768x212.png 768w\" sizes=\"(max-width: 100px) 100vw, 100px\" \/><\/p>\n\n\n\n<p class=\"has-small-font-size\">3. Pani\/Pana dane osobowe przetwarzane b\u0119d\u0105 w celu realizacji umowy  \/um\u00f3w na podstawie art.6 ust.1 lit. b og\u00f3lnego rozporz\u0105dzenia o ochronie  danych osobowych z dnia 27 kwietnia 2016 r. oraz wype\u0142niania obowi\u0105zk\u00f3w  prawnych ci\u0105\u017c\u0105cych na \u201eSETLLER\u201d Sp\u00f3\u0142ka z ograniczon\u0105 odpowiedzialno\u015bci\u0105 Sp\u00f3\u0142ka komandytowo Akcyjna z siedzib\u0105 : ul. Katowicka 69A\/17, 61-131 Pozna\u0144 w zwi\u0105zku z  prowadzeniem dzia\u0142alno\u015bci i realizacj\u0105 zawartych um\u00f3w (podstawa prawna:  art. 6 ust.1 lit.c RODO).<\/p>\n\n\n\n<p class=\"has-small-font-size\">4. Pani\/Pana dane osobowe przetwarzane s\u0105 przez \u201eSETLLER\u201d Sp\u00f3\u0142ka z  ograniczon\u0105 odpowiedzialno\u015bci\u0105 Sp\u00f3\u0142ka Komandytowo Akcyjna lub strony trzecie w celu wykonania umowy  (art.6 ust.1 lit.b RODO) lub organy administracji publicznej, je\u017celi  wynika to z przepisu prawa, decyzji administracyjnej lub orzeczenia  s\u0105dowego.<\/p>\n\n\n\n<p class=\"has-small-font-size\">5. Pana\/Pani dane osobowe przechowywane b\u0119d\u0105 w okresie niezb\u0119dnym do realizacji cel\u00f3w przetwarzania tj. 6 lat.<\/p>\n\n\n\n<p class=\"has-small-font-size\">6. posiada Pani\/ Pan prawo do: \u017c\u0105dania od administratora dost\u0119pu do  danych osobowych, prawo do ich sprostowania, usuni\u0119cia lub ograniczenia  przetwarzania, prawo do wniesienia sprzeciwu wobec przetwarzania, a  tak\u017ce prawo do przenoszenia danych. Administrator nie b\u0119dzie m\u00f3g\u0142 jednak  usun\u0105\u0107 Pani\/Pana danych osobowych w zakresie w jakim ich przetwarzanie  b\u0119dzie niezb\u0119dne do korzystania z prawa do wolno\u015bci wypowiedzi i  informacji, do wywi\u0105zania si\u0119 z prawnego obowi\u0105zku wymagaj\u0105cego  przetwarzania na mocy prawa Unii Europejskiej lub prawa polskiego, do  ustalenia , dochodzenia lub obrony roszcze\u0144.<\/p>\n\n\n\n<p class=\"has-small-font-size\">7. istnieje mo\u017cliwo\u015b\u0107 wniesienia skargi do organu nadzorczego na tryb i  spos\u00f3b przetwarzania danych osobowych przez administratora, kt\u00f3rym w  Polsce jest Prezes Urz\u0119du Ochrony Danych Osobowych.<\/p>\n\n\n\n<p class=\"has-small-font-size\">8. podanie danych osobowych jest obligatoryjne, brak podania danych  osobowych b\u0119dzie skutkowa\u0142 niemo\u017cliwo\u015bci\u0105 realizacji zawartej umowy\/um\u00f3w.<\/p>\n\n\n\n<p class=\"has-small-font-size\">9. administrator nie b\u0119dzie przekazywa\u0142 Pani\/ Pana danych osobowych  odbiorcom w pa\u0144stwach trzecich oraz organizacjom mi\u0119dzynarodowym.<\/p>\n\n\n\n<p class=\"has-small-font-size\">10. administrator nie podejmuje czynno\u015bci zwi\u0105zanych ze zautomatyzowanym  podejmowaniem decyzji wobec danych osobowych, w tym o profilowaniu.<\/p>\n<\/div><\/div>\n\n\n\n<p class=\"has-text-align-right\" style=\"font-size:12px\">Zielona G\u00f3ra 25.05.2018r.<\/p>\n","protected":false},"excerpt":{"rendered":"<p>Zgodnie z art.13 ust.2 Rozporz\u0105dzenia Parlamentu Europejskiego i Rady z dnia 27 kwietnia 2016 r. o ochronie os\u00f3b fizycznych w zwi\u0105zku z przetwarzaniem danych osobowych i w sprawie swobodnego przep\u0142ywu takich danych oraz uchylenia dyrektywy 95\/46\/WE (dalej RODO) informujemy, i\u017c: 1. Administratorem Pani\/Pana danych osobowych jest \u201eSETLLER\u201d Sp\u00f3\u0142ka z ograniczon\u0105 odpowiedzialno\u015bci\u0105 Sp\u00f3\u0142ka Komandytowo Akcyjna z &hellip; <\/p>\n<p class=\"link-more\"><a href=\"http:\/\/setller.pl\/index.php\/polityka-prywatnosci-2\/\" class=\"more-link\">Czytaj dalej<span class=\"screen-reader-text\"> Polityka prywatno\u015bci<\/span><\/a><\/p>\n","protected":false},"author":1,"featured_media":0,"parent":0,"menu_order":0,"comment_status":"closed","ping_status":"closed","template":"","meta":{"footnotes":""},"class_list":["post-22","page","type-page","status-publish","hentry"],"_links":{"self":[{"href":"http:\/\/setller.pl\/index.php\/wp-json\/wp\/v2\/pages\/22","targetHints":{"allow":["GET"]}}],"collection":[{"href":"http:\/\/setller.pl\/index.php\/wp-json\/wp\/v2\/pages"}],"about":[{"href":"http:\/\/setller.pl\/index.php\/wp-json\/wp\/v2\/types\/page"}],"author":[{"embeddable":true,"href":"http:\/\/setller.pl\/index.php\/wp-json\/wp\/v2\/users\/1"}],"replies":[{"embeddable":true,"href":"http:\/\/setller.pl\/index.php\/wp-json\/wp\/v2\/comments?post=22"}],"version-history":[{"count":7,"href":"http:\/\/setller.pl\/index.php\/wp-json\/wp\/v2\/pages\/22\/revisions"}],"predecessor-version":[{"id":115,"href":"http:\/\/setller.pl\/index.php\/wp-json\/wp\/v2\/pages\/22\/revisions\/115"}],"wp:attachment":[{"href":"http:\/\/setller.pl\/index.php\/wp-json\/wp\/v2\/media?parent=22"}],"curies":[{"name":"wp","href":"https:\/\/api.w.org\/{rel}","templated":true}]}}

Polityka prywatności

<div class="wp-block-group"><div class="wp-block-group__inner-container is-layout-flow wp-block-group-is-layout-flow">
<p class="has-small-font-size">Zgodnie z 
art.13 ust.2 Rozporządzenia Parlamentu Europejskiego i Rady z dnia 27 
kwietnia 2016 r. o ochronie osób fizycznych w związku z przetwarzaniem 
danych osobowych i w sprawie swobodnego przepływu takich danych oraz 
uchylenia dyrektywy 95/46/WE (dalej RODO) informujemy, iż:</p>



<p class="has-small-font-size">1. Administratorem Pani/Pana danych osobowych jest <strong>„SETLLER”</strong> Spółka z ograniczoną odpowiedzialnością Spółka Komandytowo Akcyjna z siedzibą : ul. Katowicka 69A/17, 61-131 Poznań, reprezentowana przez <strong>Sebastiana Falkowskiego</strong> &#8211; Prezesa Zarządu.</p>



<p class="has-small-font-size">2. W sprawach dotyczących przetwarzania Pani/Pana danych osobowych  przez Administratora można się kontaktować kierując korespondencję  tradycyjną na adres siedziby lub za pośrednictwem adresu e-mail: <img decoding="async" width="100" height="28" class="wp-image-91" style="width: 100px;" src="http://setller.pl/wp-content/uploads/2020/09/e-mail_2.png" alt="" srcset="http://setller.pl/wp-content/uploads/2020/09/e-mail_2.png 875w, http://setller.pl/wp-content/uploads/2020/09/e-mail_2-300x83.png 300w, http://setller.pl/wp-content/uploads/2020/09/e-mail_2-768x212.png 768w" sizes="(max-width: 100px) 100vw, 100px" /></p>



<p class="has-small-font-size">3. Pani/Pana dane osobowe przetwarzane będą w celu realizacji umowy  /umów na podstawie art.6 ust.1 lit. b ogólnego rozporządzenia o ochronie  danych osobowych z dnia 27 kwietnia 2016 r. oraz wypełniania obowiązków  prawnych ciążących na „SETLLER” Spółka z ograniczoną odpowiedzialnością Spółka komandytowo Akcyjna z siedzibą : ul. Katowicka 69A/17, 61-131 Poznań w związku z  prowadzeniem działalności i realizacją zawartych umów (podstawa prawna:  art. 6 ust.1 lit.c RODO).</p>



<p class="has-small-font-size">4. Pani/Pana dane osobowe przetwarzane są przez „SETLLER” Spółka z  ograniczoną odpowiedzialnością Spółka Komandytowo Akcyjna lub strony trzecie w celu wykonania umowy  (art.6 ust.1 lit.b RODO) lub organy administracji publicznej, jeżeli  wynika to z przepisu prawa, decyzji administracyjnej lub orzeczenia  sądowego.</p>



<p class="has-small-font-size">5. Pana/Pani dane osobowe przechowywane będą w okresie niezbędnym do realizacji celów przetwarzania tj. 6 lat.</p>



<p class="has-small-font-size">6. posiada Pani/ Pan prawo do: żądania od administratora dostępu do  danych osobowych, prawo do ich sprostowania, usunięcia lub ograniczenia  przetwarzania, prawo do wniesienia sprzeciwu wobec przetwarzania, a  także prawo do przenoszenia danych. Administrator nie będzie mógł jednak  usunąć Pani/Pana danych osobowych w zakresie w jakim ich przetwarzanie  będzie niezbędne do korzystania z prawa do wolności wypowiedzi i  informacji, do wywiązania się z prawnego obowiązku wymagającego  przetwarzania na mocy prawa Unii Europejskiej lub prawa polskiego, do  ustalenia , dochodzenia lub obrony roszczeń.</p>



<p class="has-small-font-size">7. istnieje możliwość wniesienia skargi do organu nadzorczego na tryb i  sposób przetwarzania danych osobowych przez administratora, którym w  Polsce jest Prezes Urzędu Ochrony Danych Osobowych.</p>



<p class="has-small-font-size">8. podanie danych osobowych jest obligatoryjne, brak podania danych  osobowych będzie skutkował niemożliwością realizacji zawartej umowy/umów.</p>



<p class="has-small-font-size">9. administrator nie będzie przekazywał Pani/ Pana danych osobowych  odbiorcom w państwach trzecich oraz organizacjom międzynarodowym.</p>



<p class="has-small-font-size">10. administrator nie podejmuje czynności związanych ze zautomatyzowanym  podejmowaniem decyzji wobec danych osobowych, w tym o profilowaniu.</p>
</div></div>



<p class="has-text-align-right" style="font-size:12px">Zielona Góra 25.05.2018r.</p>

<p>Zgodnie z art.13 ust.2 Rozporządzenia Parlamentu Europejskiego i Rady z dnia 27 kwietnia 2016 r. o ochronie osób fizycznych w związku z przetwarzaniem danych osobowych i w sprawie swobodnego przepływu takich danych oraz uchylenia dyrektywy 95/46/WE (dalej RODO) informujemy, iż: 1. Administratorem Pani/Pana danych osobowych jest „SETLLER” Spółka z ograniczoną odpowiedzialnością Spółka Komandytowo Akcyjna z &hellip; </p>
<p class="link-more"><a href="http://setller.pl/index.php/polityka-prywatnosci-2/" class="more-link">Czytaj dalej<span class="screen-reader-text"> Polityka prywatności</span></a></p>
